 3*t + g*s - 51, 40 = -3*t + 5*t - s. Calculate the remainder when 35 is divided by t.
16
Let o = 32 + -60. Let t = o + 17. Let m = 12 - t. Calculate the remainder when 67 is divided by m.
21
Let v = -5 - -8. Suppose -2*z = -v*s - 54, 26 = 4*z - 2*z + 4*s. What is the remainder when z is divided by 8?
5
Let t = -5 + 10. Suppose -40 = 4*v - 9*v. Calculate the remainder when v is divided by t.
3
Let j be (-15)/(-20) + 6/(-8). Suppose j*f - 3*f = 2*l - 79, 5*l = -20. Calculate the remainder when f is divided by 10.
9
Let n be -5 + -2 + 2 + -1. What is the remainder when (26/(-3))/(4/n) is divided by 5?
3
Let n = 0 + -2. Let y = n - -4. What is the remainder when (-231)/(-9) + y/6 is divided by 14?
12
Let a(u) = -8*u - 29. Let p = -18 + 29. Calculate the remainder when a(-6) is divided by p.
8
Suppose m = 5*s + 4*m - 183, -207 = -5*s + 3*m. Calculate the remainder when 116 is divided by s.
38
Suppose 2*z = 3*z. Suppose z*q = 5*q - 110. What is the remainder when q is divided by 12?
10
Calculate the remainder when 23 is divided by 3/(0 - (-1)/2).
5
Let c(v) = v**3 + 3*v**2 - 2*v. Let o be c(2). Suppose 2*i + 13 = -5. Let q = o + i. What is the remainder when q is divided by 3?
1
Let q = -2 + 0. Let z = q + 4. Suppose 0*f = -z*c + f + 15, -5*f + 9 = 4*c. What is the remainder when 15 is divided by c?
3
Suppose 20 = 4*p - 4. Suppose -2*m + 7*m = -65. What is the remainder when (-132)/m + (-12)/78 is divided by p?
4
Let o = 1 + 2. Let p(j) = 8*j. What is the remainder when p(1) is divided by o?
2
Calculate the remainder when (-10)/35 - 394/(-7) is divided by 15.
11
Let x(v) = -7*v + 45. What is the remainder when x(-13) is divided by 35?
31
Suppose 0 = 4*b - 7*b + 5*d + 371, -4*b + 452 = 4*d. What is the remainder when b is divided by 30?
27
Let s = 18 - 10. Suppose -4*u + 3*x - 3 + 14 = 0, 20 = 5*u - 5*x. What is the remainder when u/(13/14 + -1) is divided by s?
6
Let r be (-3 - -5) + -6 + 6. Let l(n) = 2*n**3 - n**2 - 2*n + 2. What is the remainder when l(r) is divided by 3?
1
Let w = 20 - -16. Let h(g) = g**3 + 4*g**2 + 4. Calculate the remainder when w is divided by h(-3).
10
Let z = -46 - -93. What is the remainder when z is divided by 12?
11
Let u(f) = 23*f**2 - f. Suppose -4*r - 10 = 6. Calculate the remainder when u(1) is divided by 2 - -7 - (r - -5).
6
Suppose 0 = -0*t + t - 40. Suppose 2*u - 5*u + 33 = 0. Calculate the remainder when t is divided by u.
7
Let q(n) = n - 3. Let t(w) = -2*w + 4. What is the remainder when t(-8) is divided by q(15)?
8
Let b(o) be the second derivative of o**5/20 - o**3/3 - o**2 - 4*o. What is the remainder when b(3) is divided by 7?
5
Let c(k) = -k**2 + 11*k - 4. Let p = -1 - -4. Suppose a = -p*v + v, -3*a = 4*v - 10. Calculate the remainder when a is divided by c(10).
4
Let x(g) = -3*g + 1. Let a = 1 - 3. Calculate the remainder when 20 is divided by x(a).
6
Suppose -6 = 4*p - 18. Suppose -30 = p*v - 8*v + 2*c, 4*v + 3*c = 24. What is the remainder when 10 is divided by v?
4
Suppose 5*b = -3*v + 616, 2*v - b - 806 = -2*v. Calculate the remainder when v is divided by 69.
64
Suppose -5*w - 5*h + 2*h = -30, 5*w + 2*h = 25. What is the remainder when 18 is divided by w?
0
Suppose -4*g - 2 - 10 = 0. Let p(h) = 2*h + 11. Let x be p(-8). Let y = g - x. Calculate the remainder when 2 is divided by y.
0
Let c(b) = -b**2 - 9*b + 3. Let g be c(-9). Suppose -g*u - 11 = -4*n + 14, 0 = n - 4*u - 3. What is the remainder when 12 is divided by n?
5
Let q be (2 - 2) + 1 + 23. Suppose -2*r + 5*x - q = 0, -7*r + 2*r + 2 = 3*x. What is the remainder when 11*(2/(-2) - r) is divided by 6?
5
Let h be 3*2 - (7 - 5). Suppose 24 = h*p - 7*p. Let l(x) = 2*x**2 + 12*x + 5. Calculate the remainder when l(p) is divided by 13.
11
Let k = 208 - 167. Calculate the remainder when 120 is divided by k.
38
Let w(f) = f**3 - 6*f**2 + 5*f + 3. Let v be w(5). Suppose -m + 14 + v = 0. Calculate the remainder when m is divided by 10.
7
Let i(j) = -49*j**2 + j + 1. Let y be i(-1). Let b = -28 - y. Calculate the remainder when 61 is divided by b.
19
Let z = 7 - 13. Let h(c) = c**3 + 5*c**2 - 6*c + 7. Calculate the remainder when 20 is divided by h(z).
6
Suppose -5*p = -0*p - 55. Calculate the remainder when 15/(-2 + 33/12) is divided by p.
9
Calculate the remainder when -2*2/24 - 5753/(-66) is divided by 22.
21
Let r(y) = -y**2 + 10*y. Calculate the remainder when 31 is divided by r(9).
4
Let v(l) = -2*l**2 - 10*l + 3. Let u be v(-5). Suppose 0 = d - 0*d + g - 4, -5*d = -u*g - 52. Calculate the remainder when 23 is divided by d.
7
Let n be 6/(-4) - (-1015)/14. Suppose -2*y - 3*y + n = q, 5*y - 4*q - 91 = 0. Let k = -2 - -30. What is the remainder when k is divided by y?
13
Let a(l) = 5*l**3 + l**2. Calculate the remainder when a(1) is divided by 3.
0
Suppose 0*i + 5*i = 0. Suppose 2*l - 71 + 3 = i. What is the remainder when l is divided by (-10)/(-3)*18/5?
10
Suppose 4*n + 28 = 88. What is the remainder when 27 is divided by n?
12
Suppose 2*s = -3*k + 75, -24 - 1 = -k - 3*s. What is the remainder when k is divided by 7?
4
Suppose -4*z = -59 - 49. Calculate the remainder when 106 is divided by z.
25
Let a = 67 + -35. What is the remainder when (10/(-8))/((-8)/a) is divided by 2?
1
Suppose -3*z - 2*z = -10. Let s = z + 1. Calculate the remainder when s is divided by 2.
1
Let f(k) = k**2 - 2*k - 1. Let d(n) = -25*n + 1. Calculate the remainder when d(-1) is divided by f(5).
12
Suppose 5*y - 559 = 2*g + g, -462 = -4*y - 5*g. What is the remainder when y is divided by 19?
18
Suppose -2*z + 0 - 30 = 0. Calculate the remainder when 27 is divided by -4*(-3 - z/12).
6
Let o = 17 + -12. Suppose 4*l = -3*i - 5 - 2, -i - o = 0. Suppose 2*k - 6 - 4 = -d, -6 = -l*d + 3*k. Calculate the remainder when 23 is divided by d.
5
Suppose 4*h - 149 + 25 = 0. Calculate the remainder when h is divided by 3/9 + 32/3.
9
Let p(t) = 3*t**2 - 2*t - 1. Suppose -3*n + 15 = 0, -3*u + u + 3*n + 69 = 0. What is the remainder when u is divided by p(-2)?
12
Suppose 0 = b - 5*h - 39 + 2, 125 = 4*b + 3*h. Calculate the remainder when b is divided by 11.
10
Calculate the remainder when 14*((-4)/(-8) + 3) is divided by 16.
1
What is the remainder when 7/(39/(-90) - (-18)/30) is divided by 22/3*(5 + -2)?
20
Let m(u) = u**3 - 4*u**2 + 5*u - 4. Let x(n) = n**2 - 11*n + 15. Let i be x(10). What is the remainder when m(i) is divided by 24?
22
Let c = -4 + 6. Suppose c*b = 7*b - 5. Let d = -1 - -3. What is the remainder when d is divided by b?
0
Suppose 0*u - 60 = -t - 2*u, -4*t + u = -285. What is the remainder when t is divided by 24?
22
Suppose 104 = 3*u + u. Calculate the remainder when u is divided by 2*(5 + (-58)/12)*21.
5
Suppose -38 = -4*o + 70. What is the remainder when 43 is divided by o?
16
Let t = -1 - -4. Suppose -196 = -j - t*j. What is the remainder when j is divided by (2/3)/(4/102)?
15
Let z be ((-3)/6)/((-1)/86). Suppose -4*n + 56 = 4*m, 2*m + 13 - z = -n. Calculate the remainder when 29 is divided by m.
13
Suppose -5*c = -2*w - 285, 3*w + 103 = 4*c - 2*c. What is the remainder when c is divided by 15?
14
Suppose 2*q - 421 - 145 = 0. Calculate the remainder when q is divided by 22.
19
Suppose 4*t - 129 = -3*m, 198 = 5*m + 2*t - t. Suppose -3*f - m = -9. Calculate the remainder when 44 is divided by (-6)/4 - 165/f.
14
What is the remainder when 342 is divided by 8 + (-1449)/(-36) - 3/(-4)?
48
What is the remainder when (1 - (0 + -3)) + (38 - -3) is divided by 23?
22
Suppose 4*b + 211 = 5*i, -3*b + 191 = 5*i - 2*b. Suppose f - z = i, -4*z - 73 - 13 = -2*f. Let x = f - 18. Calculate the remainder when x is divided by 9.
8
Let j = 18 - 13. Suppose -4*l - 67 = -3*h + l, 4*h = j*l + 91. Calculate the remainder when h is divided by 13.
11
Suppose 0*j + j = 7. Let s = -7 - -11. What is the remainder when 22/4*s - 3 is divided by j?
5
Suppose -5*d + 4*u + 25 = 0, -24 - 1 = -5*d - 4*u. Let g = 2 + -20. Let m = g + 26. Calculate the remainder when m is divided by d.
3
Suppose 0 = -0*q + 4*q - 16. Let z = 92 + -45. Suppose -z = -5*f + 3. What is the remainder when f is divided by q?
2
Let g(m) = m**2 + m + 5. Let x be g(4). Suppose 2*f + n - 8 = 0, -4*n + x = 9. What is the remainder when 4 is divided by f?
0
Suppose 4*q + 2*w = 580, 0 = -5*q - 2*w + w + 728. What is the remainder when 